e remainder when 8061 is divided by ((23 - 11) + -10)*18.
33
Let q = -8 - -28. Suppose -2*u + 68 = -4*r, -4*r = 9 - 5. Suppose -2*g + u*o = 35*o - 28, -3*g + 2*o + 42 = 0. Calculate the remainder when q is divided by g.
6
Let d = -2 + 7. Suppose 0 = -167*f + 193*f. Suppose f = 4*c - 5*o - 246 - 42, -3*c - d*o + 251 = 0. Calculate the remainder when c is divided by 20.
17
Let a(r) = 464*r - 917. Calculate the remainder when 522 is divided by a(2).
5
Suppose -29*v = -3*v - 130. Calculate the remainder when 2/v - 5112/(-45) is divided by 59.
55
Let z = -54 + 95. Calculate the remainder when z is divided by 276/216*2 + 8/18.
2
Let b(t) = -5*t**3 - t**2 - t. Let r(a) = 390*a + 2527. Calculate the remainder when r(-6) is divided by b(-2).
35
Let j = 157 + 666. Let b = j + -392. Let c = -300 + b. What is the remainder when c is divided by 22?
21
Let w(h) = h - 3. Let j be (-2)/(-2*3/(-12)). Let c be w(j). Calculate the remainder when 49 is divided by (0 + -1)/(c/91).
10
Let z = 7539 - 7521. Suppose 0 = -3*l, -3*a + 2*l - 22 = -2*a. Calculate the remainder when (a/(-4))/((-7)/(-42)) is divided by z.
15
Calculate the remainder when -4*(41139/(-36))/1 is divided by 75.
71
Let p = -12 + 22. Let b be 10/(-15) + (-42)/(-9). Let l = b - -13. What is the remainder when l is divided by p?
7
Let y = 775 - 671. Calculate the remainder when y is divided by (-1)/(-2) + 111/6.
9
Suppose -5 = f - 4, -2*x + 265 = 3*f. Suppose 0 = -u + 3*w + 33, 41 = -5*u - 3*w + x. Calculate the remainder when 52 is divided by u.
10
Let a = 71 - 71. Suppose a = -8*c + 271 + 137. Calculate the remainder when c is divided by 9.
6
Let r be 99/(-15) + 14/(-35). Let k be (-29 - r) + -2*1. What is the remainder when k/(-42) - 650/(-14) is divided by 8?
7
Let l = 679 - 615. Calculate the remainder when 314 is divided by 99 - (l/(-8) - -1).
102
Suppose 2*m + 3 = m. Let n(o) = 2*o**3 - 2*o**2 + 34*o - 62. Calculate the remainder when m/9 - (-410)/6 is divided by n(2).
12
Let d be (625/(-30))/(1/(-6)). Let j = 176 - d. Calculate the remainder when j is divided by 17.
0
Let l = 80244 - 80233. Let i(q) = 65*q**3. Calculate the remainder when i(1) is divided by l.
10
Calculate the remainder when 31 is divided by (20/(-12))/(35/(-84)).
3
Suppose -3*l + 96 = -5*f - 171, 373 = 4*l - f. What is the remainder when l is divided by 86?
8
Let a(o) = -o**2 + 3. Let x(t) = 4*t**2 + 4*t - 10. Let q(u) = 3*a(u) + x(u). Calculate the remainder when 65 is divided by q(-6).
10
What is the remainder when 1147 is divided by (-22)/((-1650)/(-425))*-1*3?
8
Let h = 474 - 439. Suppose h*g - 749 - 861 = 0. Suppose -4*f = -33 + 5. What is the remainder when g is divided by f?
4
Let v be ((-8)/(-1) - 0)/1. Let u be (((-88)/(-5))/11)/((-4)/(-50)). Suppose -4*x + u = 0, v*q = 3*q - 4*x + 135. What is the remainder when q is divided by 10?
3
Let c be (-5 - 109/(-2))*2. Let w = -94 + c. Suppose 4*h - 2*t = 26, 0*t = 4*h - w*t - 17. Calculate the remainder when 52 is divided by h.
4
Suppose 169536 - 19452 + 80955 = 199*k. What is the remainder when k is divided by 231?
6
Let a = -857 + 918. What is the remainder when a is divided by (2/(-6))/((-10)/390)?
9
Let u = -201 + 240. Suppose 3*q - u = a + 4*a, -5*q + a = -43. Suppose 48 = -w + 5*w. What is the remainder when w is divided by q?
4
Suppose -2*f = 2, 129*h - 6*f - 123 = 128*h. Calculate the remainder when 118 is divided by h.
1
Suppose 43320 = 265*b + 20*b. Calculate the remainder when 2121 is divided by b.
145
Let b = 71 - 56. Suppose 3*f - b = -4*x, 0 = -3*x - 2*x + 4*f + 11. Suppose -l - x*l = -44. What is the remainder when 30 is divided by l?
8
Suppose 46*u + 38*u = 3443 + 169. What is the remainder when 656 is divided by u?
11
Suppose 0 = l + 5*r - 13, 3*l + 6*r - 2*r = 28. Calculate the remainder when (-10)/6 - (-42416)/264 is divided by l.
7
Suppose 6299 - 9225 - 11362 = -94*l. Calculate the remainder when 337 is divided by l.
33
Suppose -i = 5*w - 10, 0*i + 5*i = -w + 50. What is the remainder when 2728 is divided by i?
8
Suppose -3*s - 2*s = 635. Let k = -78 - s. Let t = -58 + 72. What is the remainder when k is divided by t?
7
Let h(d) = 54*d + 444. Calculate the remainder when 12011 is divided by h(-8).
11
Let k = 43952 - 43923. Let n = 313 + -111. What is the remainder when n is divided by k?
28
Let n be 2/4 - 20851/(-58). Suppose -18*i + n = -6*i. Calculate the remainder when 58 is divided by i.
28
Let l = 135 - 132. Suppose -l*s - 4*b + 82 = 0, -6*s - 2*b = -s - 132. What is the remainder when 102 is divided by s?
24
Suppose 74*g = 57*g - 49*g + 108966. Calculate the remainder when g is divided by 545.
16
Suppose -47*m + 1408 = q - 45*m, -3*m = -3*q + 4251. What is the remainder when q is divided by 20?
14
Suppose 118 = 2*b + 5*w, -4*b - 2665 = 4*w - 2913. Calculate the remainder when 2004 is divided by b.
20
Let j(t) = -t**2 + 7*t + 130. Suppose -4*s + 4*a - 424 = 0, 2*a = 5*s + 3*a + 542. Let h = 156 + s. What is the remainder when h is divided by j(-8)?
8
Calculate the remainder when 162 is divided by (52/(-104))/(2/(-140)).
22
Let l(b) = -b**3 - 112*b**2 - 159*b - 284. Calculate the remainder when l(-111) is divided by 17.
12
Let n be (-5)/((6/9)/((-14)/21)). Let v(r) = 12*r**2 - 10*r + 7. Calculate the remainder when v(n) is divided by 20.
17
Calculate the remainder when 965 is divided by (430300/40)/65 + 6/4.
130
Suppose 72 = 19*u + 5*u. What is the remainder when u + (-786)/(-14) + 3/(-21) is divided by 3?
2
Suppose -7*d + 17*d = 1680. Calculate the remainder when 1/6 - (-29372)/d is divided by 16.
15
Suppose 0 = -5*p - 3*h - 2*h + 45, 73 = 5*p - 2*h. Calculate the remainder when (6/4)/((-25)/(-700)) is divided by p.
3
Suppose 3*v + 105 = 195. What is the remainder when -9 + (-905)/v*-6 is divided by 19?
1
Let x(h) = -12*h - 35. Let o(g) = 4*g + 11. Let z(r) = 17*o(r) + 6*x(r). What is the remainder when 232 is divided by z(-8)?
7
Let r = 650 - 647. Suppose -10 - 5 = -3*l, 0 = r*w + 5*l - 37. Suppose 0 = p + 3, 3*c - 13 = -5*p + 20. What is the remainder when c is divided by w?
0
Let u = 605 - 467. What is the remainder when 4827 is divided by u?
135
Suppose -31794 = -17*x - 30638. What is the remainder when 2244 is divided by x?
0
Let y(u) = -42*u + 264. What is the remainder when 136 is divided by y(6)?
4
Let s(g) = -g + 2 - 139*g - 19*g. Calculate the remainder when s(-2) is divided by 14.
12
Let z = 443 + -64. Suppose 15*s - 16*s = -z. Calculate the remainder when s is divided by 19.
18
Let s = -731 + 1325. Let o = s - 177. Calculate the remainder when o is divided by 20.
17
Suppose -8*p = -4*f - 3*p - 944, 4*f + 5*p = -944. Let v = f - -277. What is the remainder when v is divided by 6?
5
Let z(k) = -27*k**2 - 571*k - 59. Calculate the remainder when 420 is divided by z(-21).
20
Let i(m) = 4*m**2 + 10*m + 7. Let q be i(-9). Let k = -28 + q. Calculate the remainder when k is divided by 56.
45
Suppose 0 = -4*r, 5*z - 2*r = r + 10. Suppose -z*t + 74 = 2*d, 4*d + 22 = 2*t + 194. Calculate the remainder when d is divided by 4/(-2) + 16 + -3.
8
Let v = 3899 + -3871. What is the remainder when 105 is divided by v?
21
Suppose 63 = 7*z - 14. Suppose 0 = 3*b - z*b + 104. Calculate the remainder when (2 + -3)*1 - -33 is divided by b.
6
Let m(c) = -3*c. Let v = 7435 + -7418. What is the remainder when v is divided by m(-1)?
2
Calculate the remainder when 2397 is divided by (9660/(-1449))/(-1 + (-14)/(-15)).
97
Suppose -117*j - 430539 = -601*j + 603285. What is the remainder when j is divided by 304?
8
Suppose 7*l = 4*p + 4*l - 370, -2*p = 3*l - 176. Suppose 0 = 5*m - 4*w - 221, 4*m = -3*w + 92 + p. What is the remainder when 177 is divided by m?
42
Let n = 6597 - 4301. Calculate the remainder when n is divided by 13.
8
Suppose x - 3*r - 129 = -2*x, -x + 5*r = -63. Let l = -4084 + 4424. Calculate the remainder when l is divided by x.
36
Calculate the remainder when 153 + 46/(-11) + 76/418 is divided by 47.
8
Suppose 35*j + 5*v - 278 = 34*j, -5*v = 3*j - 914. What is the remainder when 331 is divided by j?
13
What is the remainder when 955 is divided by (-3154)/(-10) - (-1690)/650?
1
Suppose 0 = -3*u + z + 96, -u + 24 = 5*z + 8. Suppose 29083 = 804*a + 17751 - 96404. Calculate the remainder when a is divided by u.
10
Suppose -3266 + 483 = -23*a. Calcu